What is the greatest common factor of r and h?
6
Let b(j) = -3*j + 153. Let z = 423 + -436. Let l be b(z). What is the greatest common divisor of 12 and l?
12
Suppose 2*k = 1157 + 213. Suppose 0 = -30*m + k - 265. Calculate the highest common factor of 602 and m.
14
Suppose 0*o - 17*o + 11656 = -37916. Calculate the greatest common factor of o and 864.
108
Let d = 9 + 4. Suppose -d*c = -3*c - 1450. What is the greatest common factor of 58 and c?
29
Suppose -105*n + 6043 + 894 = -1463. Calculate the greatest common factor of 5008 and n.
16
Let z(g) = g**2 - g - 42. Let s be z(7). Let h be (s + -13)/(2*6/(-168)). Calculate the greatest common factor of h and 28.
14
Let g be -2 - (6 - 2 - 39). Let b be (-2)/(-8) - 2/8. Let h = g + b. Calculate the highest common factor of h and 3.
3
Let d be 1 + 3*33/1. Let p(q) be the third derivative of q**5/30 - 5*q**4/4 - 2*q**3 - 98*q**2. Let n be p(16). What is the greatest common factor of n and d?
20
Suppose -26*s + 146 + 322 = 0. Suppose 2*y - 2*v = 836, y - s*v = -19*v + 422. Calculate the greatest common factor of 90 and y.
30
Let b = 64 - 28. Suppose 3*n + 156 = 4*z, -n - 111 = -3*z + 1. Suppose -6*p - 3*p = -z. Calculate the greatest common factor of p and b.
4
Suppose 20 = -5*q, -4*v + 3*q = -267 + 719. Let l = v + 221. What is the highest common divisor of l and 120?
15
Suppose 0 = -8*s + 4*s - 2*k + 382, 0 = -s - 2*k + 94. What is the greatest common divisor of s and 360?
24
Suppose -5*t + 93 = 2*c, 4*c = 5*t - 10*t + 101. Let s(f) = -815*f - 3684. Let a be s(-5). What is the highest common divisor of a and t?
17
Let j be (9/(-6))/(1/(-112)*-6). Let w = 80 + j. Calculate the highest common factor of w and 26.
26
Let h = -405 + 321. Let f = h - -118. Calculate the highest common divisor of 51 and f.
17
Suppose 20502 = 79*n + 74*n. Calculate the greatest common divisor of 469 and n.
67
Let d = 9140 - 8507. What is the greatest common factor of 3 and d?
3
Let p = -47 + 37. Let q = -19 - p. Let d be -2*(675/10)/q. Calculate the highest common factor of 120 and d.
15
Let d(u) = 6*u - 3. Let w = -31 - -120. Let x = w + -85. Let s be d(x). Calculate the greatest common divisor of 105 and s.
21
Let s(m) = -4*m**2 + 134*m - 22. Let b be s(24). Calculate the greatest common divisor of b and 50.
10
Let v(g) = -7*g + 18. Let a be v(2). Suppose 22*h = a*h + 216. What is the highest common factor of h and 96?
12
Let b be (-1 + (-7)/5)*((-25500)/8)/75. Calculate the highest common factor of b and 288.
6
Let z be -42*(-9)/54 - -947. What is the greatest common factor of 530 and z?
106
Let r be ((-2)/(-3) - 1)/((-5)/165). Let i(h) = 3*h + 108. Let n be i(-35). What is the highest common factor of n and r?
1
Let q = -112 - -140. Let b be 19/((-76)/16) - (-32 + 0). Calculate the highest common divisor of q and b.
28
Let u(j) = -64*j**3 + 3*j**2 + 4*j + 2. Let o be u(-1). Let n = o + -63. Let r be (n + 0/4)/((-10)/(-55)). What is the highest common factor of r and 55?
11
Suppose -4*c + 4*u + 12 = 0, 2*c + 3*u = 6*u + 6. Suppose -2*v - 16 + 1 = -z, 4*z - 60 = -c*v. Calculate the highest common factor of z and 195.
15
Suppose 0 = -0*s - 5*s - 4*k - 1052, -k = -2*s - 413. Let q = 218 + s. What is the greatest common factor of 40 and q?
10
Suppose 20*s - 23*s - 13384 = -5*r, 3*r = 2*s + 8031. Calculate the highest common divisor of 75 and r.
25
Let c(x) = 46*x**2 + 6*x - 26. Let r be c(8). Suppose -22*z + 3326 = -r. Calculate the highest common divisor of z and 104.
26
Let n(l) = 2 + l**2 + l - 6*l - l + 4*l. Let j be n(2). Let s = -3 + 7. Calculate the highest common divisor of s and j.
2
Let s be 13/(-5) + 20/(-50). Let d be 2*s/18*75/(-5). Suppose 0 = 2*l + 5*u - 170, -442 = -5*l + u - d*u. What is the highest common factor of l and 10?
10
Let p = 1971 - -5414. Calculate the greatest common factor of p and 35.
35
Let h be (6072/(-330))/((-4)/50). Let b = h - 215. What is the highest common factor of b and 3?
3
Let w(n) = -n. Let u be w(-4). Let i(j) = -j + 4. Let a be i(u). Suppose -5*k = -a*k - 30. Calculate the highest common factor of k and 2.
2
Suppose 3*l + 5*q - 50 = -2*l, 0 = -4*q + 8. Suppose 5*u - 2 = l. Suppose -u*b - b = -108. Calculate the highest common factor of b and 9.
9
Let v(f) = f**3 - 92*f**2 - 185*f - 275. Let x be v(94). What is the highest common divisor of 381 and x?
1
Let y = -122 + 132. Let a be ((-8)/(-10))/(y/525). Calculate the greatest common divisor of a and 24.
6
Let i(d) = 221*d**2 - 343*d + 2061. Let u be i(6). What is the greatest common divisor of 84 and u?
21
Suppose -9*l + 1376 = -l. Suppose l + 257 = 11*o. Calculate the highest common divisor of o and 78.
39
Let w = -35 - -33. Let v(s) = -2*s**3 + 2*s**2 + 5*s + 5. Let y be v(w). What is the greatest common divisor of y and 209?
19
Let t(d) = d**3 + 47*d**2 + 115*d + 24. Let a be t(-44). Suppose 28 = 8*q - a. What is the highest common factor of 80 and q?
20
Let r be (15 - 26) + 11 - -100. Calculate the greatest common divisor of r and 1830.
10
Let k = 3216 + -3197. What is the greatest common factor of 3401 and k?
19
Suppose 6*f - 3*f + 4*x + 14 = 0, -5*x - 10 = 0. Let v be -214 + -3 + f/(-1). Let b = -131 - v. What is the greatest common factor of 24 and b?
12
Let n(t) = 11*t - 135. Let k be n(21). Suppose 5*j + 52 = -8. Let p = j + 24. Calculate the greatest common divisor of p and k.
12
Let j = -1258 + 1606. Calculate the highest common divisor of j and 36.
12
Suppose -34 + 54 = 10*b. Suppose -q + 39 = 5*y - 9, -5*q - b*y = -194. What is the greatest common divisor of 14 and q?
2
Suppose 2*t + 104 = 3*f, -9 - 7 = 4*t. Suppose -36*r = -f*r - 36. Let j = -12 - -30. Calculate the highest common divisor of j and r.
9
Let f be (4/12 + 10/3)*12. What is the highest common divisor of f and 341?
11
Let m(n) = 4*n + 136. Suppose 0 = 22*f - 17*f - 15. Let x be (-3 + 0)*1 - (-9)/f. Let v be m(x). What is the greatest common divisor of 34 and v?
34
Suppose 0 = -j + 96 - 37. Let f = -12 + j. Suppose -5 = -4*v + f. Calculate the highest common factor of 104 and v.
13
Let q = 3023 + -463. What is the greatest common divisor of q and 480?
160
Let l = 55757 + -23172. What is the greatest common factor of l and 95?
95
Let t = 292 - 237. Suppose 0 = t*b - 57*b + 384. What is the highest common divisor of b and 24?
24
Let q = 830 + -438. Suppose -5*w - a = -135, -a - 61 = 45*w - 47*w. Calculate the greatest common divisor of w and q.
28
Let q(r) = -4*r + 14. Let g be q(5). Let o be (-820)/60 - 4/g. Let u be (-24 + 0)/(-2 + o/(-8)). Calculate the highest common divisor of u and 80.
16
Suppose -68 = -9*c + 562. Let v be (-51)/(-1) - (6 + -5). What is the highest common factor of v and c?
10
Let x(h) = -h**2 - 68*h - 130. Let n be x(-39). Let d = n + -798. Calculate the greatest common divisor of 35 and d.
7
Let j(s) = 43*s**2 - 1056*s - 50. Let n be j(25). What is the highest common factor of n and 1?
1
Suppose 5*x - 2 = 8. Suppose 0 = 3*n + a - 310, 2*n = -320*a + 315*a + 172. Calculate the highest common factor of n and x.
2
Let b be 1/(-45)*6 - (10988/(-60) - -3). What is the greatest common factor of b and 45?
45
Suppose -957 = -5*z + 4*v, -2*v + 131 = 2*z - 241. Suppose -24 = -z*j + 181*j. Calculate the highest common divisor of 99 and j.
3
Let g be (-42)/(-6) - (2476/(-14) + (-7)/49). What is the greatest common factor of 56 and g?
8
Let v(l) = -325*l - l**3 + 6 + 4*l**2 - 3*l**2 + 340*l + 9 + 9. Let m be v(-6). What is the greatest common factor of m and 465?
93
Suppose 123*h + 213*h - 3512376 = 84*h. What is the highest common divisor of 138 and h?
138
Suppose 6*i - 28*i - 7*i = -47444. Calculate the highest common divisor of i and 8.
4
Let o(r) = 2*r**3 + 17*r**2 - 69*r - 67. Let j be o(-10). Calculate the greatest common factor of j and 459.
17
Suppose -69*h + 84*h - 990 = 0. What is the greatest common divisor of 16 and h?
2
Let p = -532 - -372. Let w = p - -172. Let c(q) = -20*q + 4. Let z be c(-4). What is the greatest common factor of z and w?
12
Suppose 10 = -5*y - 110. Let c be y*((-2)/3)/((-5)/(-20)). Suppose 0 = 2*j + 4*s - c, -149 = -4*j + 2*s - 3*s. What is the greatest common factor of j and 190?
38
Let t = -481 + 484. Suppose 4*z + 4*f - 37 = t*z, 4*z = 4*f + 128. Let o(c) = c - 2. Let h be o(5). Calculate the highest co